{"id":11194,"date":"2021-08-05T09:55:15","date_gmt":"2021-08-05T07:55:15","guid":{"rendered":"https:\/\/augustiner-am-platzl.de\/?page_id=11194"},"modified":"2026-02-23T11:29:07","modified_gmt":"2026-02-23T10:29:07","slug":"wirtshaus-wiesn","status":"publish","type":"page","link":"https:\/\/augustiner-am-platzl.de\/index.php\/wirtshaus-wiesn\/","title":{"rendered":"WIRTSHAUSWIESN 2026"},"content":{"rendered":"<p>[vc_row content_width=&#8220;grid&#8220; css=&#8220;.vc_custom_1628774092789{padding-top: 50px !important;padding-bottom: 50px !important;}&#8220;][vc_column][vc_row_inner el_id=&#8220;wiesnreservierung&#8220;][vc_column_inner width=&#8220;2\/3&#8243;][vc_empty_space height=&#8220;40px&#8220;]<div class=\"eltd-section-title-outer-holder\" style=\"text-align: left\">\n\n\t\t\t<div class=\"eltd-section-subtitle-holder\">\n\t\t\t<h5 class=\"eltd-section-subtitle\" style=\"font-family: Cantarell;;color: #273577;;;;\">\n\t\t\t\t19. September bis 4. Oktober - Das erwartet Euch:\t\t\t<\/h5>\n\t\t<\/div>\n\t\n\t\t\t<div class=\"eltd-section-title-title-holder\">\n\t\t\t\t<h2 class=\"eltd-section-title\" style=\";font-size: 50px;;;;text-transform: None;letter-spacing: 0.5px;\">\n\t\t\t\tWirtshausWiesn mit Herz!\t\t\t\t<\/h2>\n\t\t<\/div>\n\t\n<\/div>[vc_empty_space height=&#8220;15px&#8220;][vc_single_image image=&#8220;12329&#8243; img_size=&#8220;medium&#8220; el_id=&#8220;whw23&#8243;][vc_column_text]<\/p>\n<h4>Save the Date!<\/h4>\n<h4><\/h4>\n<h4><span style=\"color: #333333;\"><strong>T\u00e4glich von 10:00 &#8211; 24:00 Uhr<\/strong><\/span><\/h4>\n<h4><span style=\"color: #333333;\"><strong>Wir freuen uns jetzt schon auf die WirtshausWiesn 2026:<\/strong> Im September verwandeln wir wieder unser Wirthaus in ein geschm\u00fccktes Festzelt mit echter WiesnStimmung, Augustiner Oktoberfestbier aus dem Holzfass, WiesnBrezn, Hendl, Lebkuchenherzen und bayerischer Musik. Dazu gibt es k\u00f6stliche Wiesn-Kreationen unseres K\u00fcchenchefs von unserer WiesnKarte.<\/span><\/h4>\n<h4><span style=\"color: #333333;\"><strong>Wei\u00dfwurstWiesn:<\/strong> Jeden Sonntag von 10:00 &#8211; 14:00 Uhr gibt es zus\u00e4tzlich zur Speisenauswahl auf unserer WiesnKarte noch Wei\u00dfwurst-Fr\u00fchst\u00fcck.<\/span><\/h4>\n<h4><span style=\"color: #333333;\"><strong>Bitte nutzen Sie das Formular unten auf dieser Seite f\u00fcr Ihre Tischreservierung. Es gelten die AGB der WirtshausWiesn 2026.<\/strong><\/span><\/h4>\n<p>[\/vc_column_text][vc_empty_space height=&#8220;30px&#8220;][vc_column_text]<\/p>\n<h4><span style=\"color: #333333;\"><strong>Live Musik: <\/strong>Das Musikprogramm wird noch ausgearbeitet, mehr Infos folgen demn\u00e4chst! <\/span><\/h4>\n<h4><\/h4>\n<h4><span style=\"color: #333333;\"><strong>Wir freuen uns auf Euch!<\/strong><\/span><br \/>\n<span style=\"color: #333333;\">Familie Wendel und das Augustiner-am-Platzl-Team<\/span><\/h4>\n<p><span style=\"color: #333333;\">\u00a0<\/span>[\/vc_column_text][vc_column_text]<\/p>\n<div class=\"\" data-block=\"true\" data-editor=\"c73g1\" data-offset-key=\"8j59s-0-0\">\n<div data-offset-key=\"8j59s-0-0\">\n<h4><span style=\"color: #000000;\"><strong>WirtshausWiesn Musikprogramm folgt.\u00a0<\/strong><\/span><\/h4>\n<p>&nbsp;<\/p>\n<h4>*Bitte beachten Sie, dass es noch zu Anpassungen kommen kann. Gelegentlich k\u00f6nnen \u00c4nderungen sogar am gleichen Tag vorgenommen werden. Vielen Dank f\u00fcr Ihr Verst\u00e4ndnis.<\/h4>\n<\/div>\n<\/div>\n<p>[\/vc_column_text][vc_empty_space height=&#8220;50px&#8220;][\/vc_column_inner][vc_column_inner width=&#8220;1\/3&#8243; offset=&#8220;vc_hidden-xs&#8220;][vc_single_image image=&#8220;12332&#8243; img_size=&#8220;full&#8220; css=&#8220;.vc_custom_1719219564492{margin-top: -50px !important;padding-right: 10% !important;padding-bottom: 20px !important;padding-left: 10% !important;}&#8220;][vc_empty_space height=&#8220;50px&#8220;][\/vc_column_inner][\/vc_row_inner][vc_row_inner css=&#8220;.vc_custom_1628845393702{padding-right: 20px !important;}&#8220;][vc_column_inner offset=&#8220;vc_hidden-lg vc_hidden-md vc_hidden-sm&#8220;][vc_empty_space height=&#8220;50px&#8220;]<div class=\"eltd-carousel-holder clearfix eltd-carousel-standard-type\"><div class=\"eltd-carousel\" data-items=\"3\" data-show_in_two_rows=\"no\" data-navigation=\"yes\" data-pagination=\"yes\" data-autoplay=\"yes\" data-autoplay-duration=\"4000\" data-image-animation=\"image-change\"><div class=\"eltd-carousel-item-holder\">\n\t\t\t\t\t\t<\/div><\/div><\/div>[\/vc_column_inner][\/vc_row_inner][\/vc_column][\/vc_row][vc_row row_type=&#8220;parallax&#8220; content_width=&#8220;grid&#8220; full_screen_section_height=&#8220;no&#8220; parallax_background_image=&#8220;10631&#8243; parallax_speed=&#8220;1&#8243;][vc_column css=&#8220;.vc_custom_1693409867997{padding-right: 3% !important;padding-left: 3% !important;}&#8220; offset=&#8220;vc_col-lg-offset-2 vc_col-lg-8 vc_col-md-offset-1 vc_col-md-10&#8243;][vc_empty_space height=&#8220;130px&#8220;]<div class=\"eltd-section-title-outer-holder\" style=\"text-align: left\">\n\n\t\n\t\t\t<div class=\"eltd-section-title-title-holder\">\n\t\t\t\t<h2 class=\"eltd-section-title\" style=\";font-size: 45px;color: #ffffff;;;text-transform: None;;\">\n\t\t\t\tHaben Sie Fragen?\t\t\t\t<\/h2>\n\t\t<\/div>\n\t\n<\/div>[vc_column_text css=&#8220;.vc_custom_1693409741412{padding-top: 30px !important;padding-bottom: 30px !important;}&#8220;]<\/p>\n<h4 style=\"text-align: left;\"><span style=\"color: #ffffff;\">Gern helfen wir Ihnen bei Ihren R\u00fcckfragen zur Reservierung.<br \/>\nDamit Sie Ihre WirtshausWiesn in unserem Hause genie\u00dfen k\u00f6nnen.<\/span><\/h4>\n<h4 style=\"text-align: left;\"><span style=\"color: #ffffff;\">KONTAKT:<\/span><\/h4>\n<h4 style=\"text-align: left;\"><span style=\"color: #ffffff;\"><a style=\"color: #ffffff;\" href=\"tel:+49 89 3701717-0\">Tel. +49 89 3701717-0<\/a><\/span><\/h4>\n<h4 style=\"text-align: left;\"><span style=\"color: #ffffff;\"><a style=\"color: #ffffff;\" href=\"mailto:wirtshauswiesn@augustiner-am-platzl.de\">wirtshauswiesn@augustiner-am-platzl.de<\/a><\/span><\/h4>\n<p>[\/vc_column_text][vc_empty_space height=&#8220;130px&#8220;][\/vc_column][\/vc_row]<\/p>\n","protected":false},"excerpt":{"rendered":"<p>[vc_row content_width=&#8220;grid&#8220; css=&#8220;.vc_custom_1628774092789{padding-top: 50px !important;padding-bottom: 50px !important;}&#8220;][vc_column][vc_row_inner el_id=&#8220;wiesnreservierung&#8220;][vc_column_inner width=&#8220;2\/3&#8243;][vc_empty_space height=&#8220;40px&#8220;][vc_empty_space height=&#8220;15px&#8220;][vc_single_image image=&#8220;12329&#8243; img_size=&#8220;medium&#8220; el_id=&#8220;whw23&#8243;][vc_column_text] Save the Date! T\u00e4glich von 10:00 &#8211; 24:00 Uhr Wir freuen uns jetzt schon auf die WirtshausWiesn 2026: Im September verwandeln wir wieder unser Wirthaus in ein geschm\u00fccktes Festzelt mit echter&#8230;<\/p>\n","protected":false},"author":1,"featured_media":0,"parent":0,"menu_order":0,"comment_status":"closed","ping_status":"closed","template":"full-width.php","meta":{"footnotes":"","_links_to":"","_links_to_target":""},"class_list":["post-11194","page","type-page","status-publish","hentry"],"yoast_head":"<!-- This site is optimized with the Yoast SEO plugin v21.5 - https:\/\/yoast.com\/wordpress\/plugins\/seo\/ -->\n<title>WIRTSHAUSWIESN 2026 - Augustiner am Platzl<\/title>\n<meta name=\"description\" content=\"Hier haben wir alles zusammengetragen, was sie zu den WirtshausWiesn im Augustiner am Platzl wissen m\u00fcssen.\" \/>\n<meta name=\"robots\" content=\"index, follow, max-snippet:-1, max-image-preview:large, max-video-preview:-1\" \/>\n<link rel=\"canonical\" href=\"https:\/\/augustiner-am-platzl.de\/index.php\/wirtshaus-wiesn\/\" \/>\n<meta property=\"og:locale\" content=\"de_DE\" \/>\n<meta property=\"og:type\" content=\"article\" \/>\n<meta property=\"og:title\" content=\"WIRTSHAUSWIESN 2026 - Augustiner am Platzl\" \/>\n<meta property=\"og:description\" content=\"Hier haben wir alles zusammengetragen, was sie zu den WirtshausWiesn im Augustiner am Platzl wissen m\u00fcssen.\" \/>\n<meta property=\"og:url\" content=\"https:\/\/augustiner-am-platzl.de\/index.php\/wirtshaus-wiesn\/\" \/>\n<meta property=\"og:site_name\" content=\"Augustiner am Platzl\" \/>\n<meta property=\"article:modified_time\" content=\"2026-02-23T10:29:07+00:00\" \/>\n<meta name=\"twitter:card\" content=\"summary_large_image\" \/>\n<meta name=\"twitter:label1\" content=\"Gesch\u00e4tzte Lesezeit\" \/>\n\t<meta name=\"twitter:data1\" content=\"2\u00a0Minuten\" \/>\n<script type=\"application\/ld+json\" class=\"yoast-schema-graph\">{\"@context\":\"https:\/\/schema.org\",\"@graph\":[{\"@type\":\"WebPage\",\"@id\":\"https:\/\/augustiner-am-platzl.de\/index.php\/wirtshaus-wiesn\/\",\"url\":\"https:\/\/augustiner-am-platzl.de\/index.php\/wirtshaus-wiesn\/\",\"name\":\"WIRTSHAUSWIESN 2026 - Augustiner am Platzl\",\"isPartOf\":{\"@id\":\"https:\/\/augustiner-am-platzl.de\/#website\"},\"datePublished\":\"2021-08-05T07:55:15+00:00\",\"dateModified\":\"2026-02-23T10:29:07+00:00\",\"description\":\"Hier haben wir alles zusammengetragen, was sie zu den WirtshausWiesn im Augustiner am Platzl wissen m\u00fcssen.\",\"breadcrumb\":{\"@id\":\"https:\/\/augustiner-am-platzl.de\/index.php\/wirtshaus-wiesn\/#breadcrumb\"},\"inLanguage\":\"de\",\"potentialAction\":[{\"@type\":\"ReadAction\",\"target\":[\"https:\/\/augustiner-am-platzl.de\/index.php\/wirtshaus-wiesn\/\"]}]},{\"@type\":\"BreadcrumbList\",\"@id\":\"https:\/\/augustiner-am-platzl.de\/index.php\/wirtshaus-wiesn\/#breadcrumb\",\"itemListElement\":[{\"@type\":\"ListItem\",\"position\":1,\"name\":\"Startseite\",\"item\":\"https:\/\/augustiner-am-platzl.de\/\"},{\"@type\":\"ListItem\",\"position\":2,\"name\":\"WIRTSHAUSWIESN 2026\"}]},{\"@type\":\"WebSite\",\"@id\":\"https:\/\/augustiner-am-platzl.de\/#website\",\"url\":\"https:\/\/augustiner-am-platzl.de\/\",\"name\":\"Augustiner am Platzl\",\"description\":\"Wirtshaus der Herzen!\",\"publisher\":{\"@id\":\"https:\/\/augustiner-am-platzl.de\/#organization\"},\"potentialAction\":[{\"@type\":\"SearchAction\",\"target\":{\"@type\":\"EntryPoint\",\"urlTemplate\":\"https:\/\/augustiner-am-platzl.de\/?s={search_term_string}\"},\"query-input\":\"required name=search_term_string\"}],\"inLanguage\":\"de\"},{\"@type\":\"Organization\",\"@id\":\"https:\/\/augustiner-am-platzl.de\/#organization\",\"name\":\"Augustiner am Platzl\",\"url\":\"https:\/\/augustiner-am-platzl.de\/\",\"logo\":{\"@type\":\"ImageObject\",\"inLanguage\":\"de\",\"@id\":\"https:\/\/augustiner-am-platzl.de\/#\/schema\/logo\/image\/\",\"url\":\"https:\/\/augustiner-am-platzl.de\/wp-content\/uploads\/2021\/04\/cropped-Thumbnail.png\",\"contentUrl\":\"https:\/\/augustiner-am-platzl.de\/wp-content\/uploads\/2021\/04\/cropped-Thumbnail.png\",\"width\":512,\"height\":512,\"caption\":\"Augustiner am Platzl\"},\"image\":{\"@id\":\"https:\/\/augustiner-am-platzl.de\/#\/schema\/logo\/image\/\"}}]}<\/script>\n<!-- \/ Yoast SEO plugin. -->","yoast_head_json":{"title":"WIRTSHAUSWIESN 2026 - Augustiner am Platzl","description":"Hier haben wir alles zusammengetragen, was sie zu den WirtshausWiesn im Augustiner am Platzl wissen m\u00fcssen.","robots":{"index":"index","follow":"follow","max-snippet":"max-snippet:-1","max-image-preview":"max-image-preview:large","max-video-preview":"max-video-preview:-1"},"canonical":"https:\/\/augustiner-am-platzl.de\/index.php\/wirtshaus-wiesn\/","og_locale":"de_DE","og_type":"article","og_title":"WIRTSHAUSWIESN 2026 - Augustiner am Platzl","og_description":"Hier haben wir alles zusammengetragen, was sie zu den WirtshausWiesn im Augustiner am Platzl wissen m\u00fcssen.","og_url":"https:\/\/augustiner-am-platzl.de\/index.php\/wirtshaus-wiesn\/","og_site_name":"Augustiner am Platzl","article_modified_time":"2026-02-23T10:29:07+00:00","twitter_card":"summary_large_image","twitter_misc":{"Gesch\u00e4tzte Lesezeit":"2\u00a0Minuten"},"schema":{"@context":"https:\/\/schema.org","@graph":[{"@type":"WebPage","@id":"https:\/\/augustiner-am-platzl.de\/index.php\/wirtshaus-wiesn\/","url":"https:\/\/augustiner-am-platzl.de\/index.php\/wirtshaus-wiesn\/","name":"WIRTSHAUSWIESN 2026 - Augustiner am Platzl","isPartOf":{"@id":"https:\/\/augustiner-am-platzl.de\/#website"},"datePublished":"2021-08-05T07:55:15+00:00","dateModified":"2026-02-23T10:29:07+00:00","description":"Hier haben wir alles zusammengetragen, was sie zu den WirtshausWiesn im Augustiner am Platzl wissen m\u00fcssen.","breadcrumb":{"@id":"https:\/\/augustiner-am-platzl.de\/index.php\/wirtshaus-wiesn\/#breadcrumb"},"inLanguage":"de","potentialAction":[{"@type":"ReadAction","target":["https:\/\/augustiner-am-platzl.de\/index.php\/wirtshaus-wiesn\/"]}]},{"@type":"BreadcrumbList","@id":"https:\/\/augustiner-am-platzl.de\/index.php\/wirtshaus-wiesn\/#breadcrumb","itemListElement":[{"@type":"ListItem","position":1,"name":"Startseite","item":"https:\/\/augustiner-am-platzl.de\/"},{"@type":"ListItem","position":2,"name":"WIRTSHAUSWIESN 2026"}]},{"@type":"WebSite","@id":"https:\/\/augustiner-am-platzl.de\/#website","url":"https:\/\/augustiner-am-platzl.de\/","name":"Augustiner am Platzl","description":"Wirtshaus der Herzen!","publisher":{"@id":"https:\/\/augustiner-am-platzl.de\/#organization"},"potentialAction":[{"@type":"SearchAction","target":{"@type":"EntryPoint","urlTemplate":"https:\/\/augustiner-am-platzl.de\/?s={search_term_string}"},"query-input":"required name=search_term_string"}],"inLanguage":"de"},{"@type":"Organization","@id":"https:\/\/augustiner-am-platzl.de\/#organization","name":"Augustiner am Platzl","url":"https:\/\/augustiner-am-platzl.de\/","logo":{"@type":"ImageObject","inLanguage":"de","@id":"https:\/\/augustiner-am-platzl.de\/#\/schema\/logo\/image\/","url":"https:\/\/augustiner-am-platzl.de\/wp-content\/uploads\/2021\/04\/cropped-Thumbnail.png","contentUrl":"https:\/\/augustiner-am-platzl.de\/wp-content\/uploads\/2021\/04\/cropped-Thumbnail.png","width":512,"height":512,"caption":"Augustiner am Platzl"},"image":{"@id":"https:\/\/augustiner-am-platzl.de\/#\/schema\/logo\/image\/"}}]}},"_links":{"self":[{"href":"https:\/\/augustiner-am-platzl.de\/index.php\/wp-json\/wp\/v2\/pages\/11194","targetHints":{"allow":["GET"]}}],"collection":[{"href":"https:\/\/augustiner-am-platzl.de\/index.php\/wp-json\/wp\/v2\/pages"}],"about":[{"href":"https:\/\/augustiner-am-platzl.de\/index.php\/wp-json\/wp\/v2\/types\/page"}],"author":[{"embeddable":true,"href":"https:\/\/augustiner-am-platzl.de\/index.php\/wp-json\/wp\/v2\/users\/1"}],"replies":[{"embeddable":true,"href":"https:\/\/augustiner-am-platzl.de\/index.php\/wp-json\/wp\/v2\/comments?post=11194"}],"version-history":[{"count":138,"href":"https:\/\/augustiner-am-platzl.de\/index.php\/wp-json\/wp\/v2\/pages\/11194\/revisions"}],"predecessor-version":[{"id":12768,"href":"https:\/\/augustiner-am-platzl.de\/index.php\/wp-json\/wp\/v2\/pages\/11194\/revisions\/12768"}],"wp:attachment":[{"href":"https:\/\/augustiner-am-platzl.de\/index.php\/wp-json\/wp\/v2\/media?parent=11194"}],"curies":[{"name":"wp","href":"https:\/\/api.w.org\/{rel}","templated":true}]}}